{"id":12,"date":"2019-10-14T15:32:48","date_gmt":"2019-10-14T13:32:48","guid":{"rendered":"http:\/\/triangle-solution.ch\/?page_id=12"},"modified":"2019-11-11T10:20:57","modified_gmt":"2019-11-11T09:20:57","slug":"strategie-evolution-changement","status":"publish","type":"page","link":"http:\/\/triangle-solution.ch\/index.php\/strategie-evolution-changement\/","title":{"rendered":"Strat\u00e9gie &#8211; Evolution &#8211; Changement"},"content":{"rendered":"<h1>Strat\u00e9gie<\/h1>\n<h2><strong>Pour vous appuyer dans votre strat\u00e9gie<\/strong><\/h2>\n<ul>\n<li>Conseils strat\u00e9giques<\/li>\n<li>Accompagnement de cadres dans le changement<\/li>\n<li>Suivi d\u2019entreprise en transition ou d\u2019organisation en entreprise<\/li>\n<li>Accompagnement de conseils d\u2019administration<\/li>\n<\/ul>\n<h1>Evolution<\/h1>\n<h2><strong>Pour vous accompagner dans votre \u00e9volution<\/strong><\/h2>\n<p><strong>Pour les collectivit\u00e9s publiques:<\/strong><\/p>\n<ul>\n<li>Gestion de projets en lien avec la sant\u00e9 et le social<\/li>\n<li>Suivi et soutien strat\u00e9gique, op\u00e9rationnel, organisationnel<\/li>\n<li>Travail sur les d\u00e9terminants de la sant\u00e9 et ses impacts sur la population<\/li>\n<\/ul>\n<p><strong>Pour toutes entreprises dans le domaine sant\u00e9-social:<\/strong><\/p>\n<ul>\n<li>Management et financement des syst\u00e8mes de sant\u00e9<\/li>\n<li>Soutien aux cadres dirigeants et Conseil d\u2019administration<\/li>\n<\/ul>\n<p><strong>Pour les entreprises (PME):<\/strong><\/p>\n<ul>\n<li>Audit de fonctionnement, organisation de l\u2019entreprise, suivi RH et management<\/li>\n<li>Prise de recul et accompagnement des managers<\/li>\n<\/ul>\n<h1>Changement<\/h1>\n<h2><strong>Pour vous soutenir dans votre processus de changement <\/strong><\/h2>\n<ul>\n<li>\u00c9laboration d&rsquo;un plan d&rsquo;action bas\u00e9 sur les opportunit\u00e9s et l&rsquo;identification des risques potentiels<\/li>\n<li>D\u00e9finition et suivi des \u00e9tapes cl\u00e9s et bilans interm\u00e9diaires r\u00e9guliers avec les propositions de corrections \u00e9ventuelles<\/li>\n<li>Aide \u00e0 la d\u00e9cision et conseils personnalis\u00e9s<\/li>\n<\/ul>\n","protected":false},"excerpt":{"rendered":"<p>Strat\u00e9gie Pour vous appuyer dans votre strat\u00e9gie Conseils strat\u00e9giques Accompagnement de cadres dans le changement Suivi d\u2019entreprise en transition ou d\u2019organisation en entreprise Accompagnement de conseils d\u2019administration Evolution Pour vous accompagner dans votre \u00e9volution Pour les collectivit\u00e9s publiques: Gestion de projets en lien avec la sant\u00e9 et le social Suivi et soutien strat\u00e9gique, op\u00e9rationnel, organisationnel [&hellip;]<\/p>\n","protected":false},"author":1,"featured_media":0,"parent":0,"menu_order":2,"comment_status":"closed","ping_status":"closed","template":"","meta":{"footnotes":""},"class_list":["post-12","page","type-page","status-publish","hentry"],"_links":{"self":[{"href":"http:\/\/triangle-solution.ch\/index.php\/wp-json\/wp\/v2\/pages\/12","targetHints":{"allow":["GET"]}}],"collection":[{"href":"http:\/\/triangle-solution.ch\/index.php\/wp-json\/wp\/v2\/pages"}],"about":[{"href":"http:\/\/triangle-solution.ch\/index.php\/wp-json\/wp\/v2\/types\/page"}],"author":[{"embeddable":true,"href":"http:\/\/triangle-solution.ch\/index.php\/wp-json\/wp\/v2\/users\/1"}],"replies":[{"embeddable":true,"href":"http:\/\/triangle-solution.ch\/index.php\/wp-json\/wp\/v2\/comments?post=12"}],"version-history":[{"count":3,"href":"http:\/\/triangle-solution.ch\/index.php\/wp-json\/wp\/v2\/pages\/12\/revisions"}],"predecessor-version":[{"id":35,"href":"http:\/\/triangle-solution.ch\/index.php\/wp-json\/wp\/v2\/pages\/12\/revisions\/35"}],"wp:attachment":[{"href":"http:\/\/triangle-solution.ch\/index.php\/wp-json\/wp\/v2\/media?parent=12"}],"curies":[{"name":"wp","href":"https:\/\/api.w.org\/{rel}","templated":true}]}}