{"id":14,"date":"2019-10-14T15:33:51","date_gmt":"2019-10-14T13:33:51","guid":{"rendered":"http:\/\/triangle-solution.ch\/?page_id=14"},"modified":"2019-11-11T10:22:51","modified_gmt":"2019-11-11T09:22:51","slug":"formations-coaching","status":"publish","type":"page","link":"http:\/\/triangle-solution.ch\/index.php\/formations-coaching\/","title":{"rendered":"Formations &#038; Coaching"},"content":{"rendered":"<h1>Formations<\/h1>\n<p>Triangle Solution vous soutient \u00e9galement dans la formation continue de vos cadres et de leurs \u00e9quipes.<\/p>\n<p>Les contraintes \u00e9conomiques et soci\u00e9tales actuelles mettent sous pression l&rsquo;ensemble de votre encadrement. Vos cadres se retrouvent souvent \u00e0 devoir prioriser certaines t\u00e2ches administratives au d\u00e9triment du management de proximit\u00e9 de leurs \u00e9quipes. Les tensions grandissent et le climat social se d\u00e9grade avec les cons\u00e9quences humaines et \u00e9conomiques qui en d\u00e9coulent.<\/p>\n<p>Triangle Solution \u00e9labore pour vos cadres, des programmes sur mesure de formations continues qui leur permettront de retrouver le recul n\u00e9cessaire \u00e0 la r\u00e9ussite de leur management de proximit\u00e9.<\/p>\n<ul>\n<li>Management de proximit\u00e9 (gestion de l\u2019\u00e9quipe)<\/li>\n<li>Prise de recul &amp; positionnement institutionnel<\/li>\n<li>Le Savoir-Etre et ses cons\u00e9quences<\/li>\n<li>Les diff\u00e9rentes techniques d\u2019entretien RH<\/li>\n<li>Gestion de dysfonctionnements et la pose d\u2019objectifs<\/li>\n<li>Conduite de collaborateurs et r\u00e8gles l\u00e9gales<\/li>\n<li>Gestion de l\u2019absent\u00e9isme<\/li>\n<li>G\u00e9rer son climat social<\/li>\n<\/ul>\n<h1>Coaching<\/h1>\n<p>Yvon Jeanbourquin partage sa riche exp\u00e9rience professionnelle avec des <strong>conseils personnalis\u00e9s<\/strong> aux <strong>dirigeants d&rsquo;entreprise<\/strong> afin de leur permettre de confronter leurs questionnements, de conforter leurs id\u00e9es et de d\u00e9velopper leur strat\u00e9gie d&rsquo;entreprise.<\/p>\n<p>Le coaching se pratique en entreprise ou dans un endroit neutre permettant la prise de recul n\u00e9cessaire \u00e0 la r\u00e9solution du probl\u00e8me.<\/p>\n","protected":false},"excerpt":{"rendered":"<p>Formations Triangle Solution vous soutient \u00e9galement dans la formation continue de vos cadres et de leurs \u00e9quipes. Les contraintes \u00e9conomiques et soci\u00e9tales actuelles mettent sous pression l&rsquo;ensemble de votre encadrement. Vos cadres se retrouvent souvent \u00e0 devoir prioriser certaines t\u00e2ches administratives au d\u00e9triment du management de proximit\u00e9 de leurs \u00e9quipes. Les tensions grandissent et le [&hellip;]<\/p>\n","protected":false},"author":1,"featured_media":0,"parent":0,"menu_order":3,"comment_status":"closed","ping_status":"closed","template":"","meta":{"footnotes":""},"class_list":["post-14","page","type-page","status-publish","hentry"],"_links":{"self":[{"href":"http:\/\/triangle-solution.ch\/index.php\/wp-json\/wp\/v2\/pages\/14","targetHints":{"allow":["GET"]}}],"collection":[{"href":"http:\/\/triangle-solution.ch\/index.php\/wp-json\/wp\/v2\/pages"}],"about":[{"href":"http:\/\/triangle-solution.ch\/index.php\/wp-json\/wp\/v2\/types\/page"}],"author":[{"embeddable":true,"href":"http:\/\/triangle-solution.ch\/index.php\/wp-json\/wp\/v2\/users\/1"}],"replies":[{"embeddable":true,"href":"http:\/\/triangle-solution.ch\/index.php\/wp-json\/wp\/v2\/comments?post=14"}],"version-history":[{"count":3,"href":"http:\/\/triangle-solution.ch\/index.php\/wp-json\/wp\/v2\/pages\/14\/revisions"}],"predecessor-version":[{"id":37,"href":"http:\/\/triangle-solution.ch\/index.php\/wp-json\/wp\/v2\/pages\/14\/revisions\/37"}],"wp:attachment":[{"href":"http:\/\/triangle-solution.ch\/index.php\/wp-json\/wp\/v2\/media?parent=14"}],"curies":[{"name":"wp","href":"https:\/\/api.w.org\/{rel}","templated":true}]}}